 + 97*d - 2107. Is a(126) a prime number?
False
Let h be (7 - 12271)/(-7) + -7. Let m = h + -1202. Is m a prime number?
False
Let b = 204602 + 102437. Is b composite?
True
Let r = 22 - 10. Suppose -p + 5*k + 27 = -0*p, 0 = 4*k + r. Let b(v) = 39*v - 15. Is b(p) a prime number?
False
Suppose -2*l = -5*r + 275224 + 1521529, 0 = 5*r - 5*l - 1796735. Is r prime?
True
Suppose 7*r + 39 - 46 = 0, -3*v + 5*r + 7 = 0. Let z = -199 + 408. Suppose -s - 4*l - z = -2*s, -3*s - v*l = -611. Is s a composite number?
True
Let t be 1337/49 + -2*(-2)/(-14). Let x(p) = 366*p - 79. Is x(t) prime?
True
Let l be 2/((-6)/4*(-4)/6). Suppose l*z = k + 5*z - 15, -10 = 2*k - 4*z. Suppose v - m = -k*m + 2061, -3*m + 4118 = 2*v. Is v prime?
True
Let i be ((-750)/35)/((-4)/56). Let z = i - -383. Is z composite?
False
Let a = 39 + 0. Let m be 747/39 + 1/(a/(-6)). Let s(u) = -u**3 + 31*u**2 + u - 36. Is s(m) a composite number?
True
Let n(p) = 18477*p**2 - 281*p - 279. Is n(-1) prime?
False
Suppose -32*a + 199119 = -2321617. Is a prime?
False
Is ((-204)/(-136))/((-12)/(-129968)) a prime number?
False
Suppose -l + 5*j - j - 17 = 0, -5*j = 5*l - 40. Suppose -2*g + 811 = -o + 2*g, l*g = -6. Let r = o - -2006. Is r composite?
False
Let l(t) be the first derivative of 13*t - 2/3*t**3 - 7 - 5/2*t**2 + 1/4*t**4. Is l(6) prime?
True
Suppose 3*w - 222*w + 180563091 = 0. Is w a prime number?
True
Suppose -6*g + 653893 = 5*y, 3*y - 79114 = 2*g + 313177. Is y a prime number?
True
Suppose 0 = g - 3*x + 81, -3*g - 2*x - 316 = -29. Let i = 30 + g. Is (1/(-1) - 20)*42/i composite?
True
Let c = 830 + -1578. Suppose -4*j = j + 1875. Let f = j - c. Is f prime?
True
Suppose 0 = -3*p + 5*t + 13, -3*p + 2*t + 7 = -0*p. Let f be -10*p/(-2)*21/15. Let c(j) = 3*j**3 - 7*j - 7. Is c(f) prime?
False
Let n = 259 - 253. Is n + (-4)/(-20)*0 + 5935 composite?
True
Let h = -20505 - -33851. Is h prime?
False
Let g(z) = 1645*z**2 + 3*z - 197. Is g(-5) prime?
False
Let q(o) = -o**3 - 11*o**2 + 10*o + 5. Let v be q(-12). Let r = 72 + v. Suppose 0 = 2*d - 161 - r. Is d composite?
False
Suppose 35 = 3*t + 5*u - 9, t = 2*u + 11. Suppose -119601 = -22*f + t*f. Is f prime?
False
Let b be (-7902)/(-27) - (-1)/3. Let f = 106 + -220. Let p = f + b. Is p composite?
False
Suppose 160138 = 17*n - 326725. Is n a prime number?
False
Suppose -3*t + 3*v = -9, 4*v - 11 = -5*t - 5. Let x be t + (0/(-2))/(4/(-2)). Suppose 528 = x*i + 106. Is i composite?
False
Suppose -4*g = -4*p - 11 + 3, -3*g + 24 = 3*p. Suppose f = -4*u - 0 + 237, -f = p*u - 177. Is u + (3 - 8) + 4 a composite number?
False
Let c(l) = -l**3 - 9*l**2 - 7*l + 9. Let r be c(-8). Let t be (-18)/(-1) + r + -3. Is (-3018)/2*t/(-48) prime?
True
Let c = -3968 - -5850. Suppose 4*x - 2*t = t, 570*x - 3*t = 571*x. Suppose x = i + 668 - c. Is i prime?
False
Let n be 1684/(-28) - 4/(-28). Is n/(-120)*(1774 + 2 - -2) prime?
False
Suppose 6*b = 23 + 91. Suppose 21*u - 514 = b*u. Is u a prime number?
True
Let c(q) = -8*q**3 + q**2 + 2*q - 8. Suppose 4*b = 2*m - 6*m - 24, -9 = -2*m + 5*b. Is c(m) prime?
True
Suppose -3*x = -14*x + 33. Let g be -3 + 0 - (x + -7 - 17). Is (80 - g)*(-2)/(8/(-22)) a composite number?
True
Let i = -834 - -838. Is (14019/i)/(6/16) a composite number?
True
Let b = 44 + -42. Suppose -2*c - 9 = -5*o, -b*o = o + c - 12. Is ((-1)/((-4)/79))/(o/84) composite?
True
Let l be 4/(-38) + 12420/1026. Suppose 6946 + 26258 = l*s. Is s a prime number?
True
Let b(g) = 159*g + 9 - 137*g + 11*g**2 + 3*g**2. Is b(8) a prime number?
False
Suppose 3*t = -11*t + 140. Suppose 0 = -2*i + 48 + t. Suppose -g = -3*w - 163, -3*w = 4*g - 623 - i. Is g prime?
True
Let z be ((-72)/(-33) - -2) + 2/(-11). Suppose 12 = -z*y, 0 = 3*x + 2*x - 3*y - 48054. Is x a prime number?
False
Is (-4)/10 - (5 - 17359232/55) a prime number?
True
Let l = 15404 - -16067. Is l a composite number?
True
Let f(h) = -17*h + 4*h**2 - 46 - h**3 + 4*h**2 + 25. Is f(-10) composite?
False
Suppose 2 + 3 = n. Let i(v) = n*v - v**3 + 0*v**3 - 13 + 2*v**3 - 2*v**3 - 11*v**2. Is i(-20) prime?
False
Let l(c) be the third derivative of -105*c**4/8 - 83*c**3/6 + 22*c**2. Is l(-12) a composite number?
False
Suppose 0 = 3*n - 8 + 14. Let y be (n + 76/16)/((-1)/(-4)). Suppose y*k + 1174 = 13*k. Is k composite?
False
Let m(s) = s**2 + 4*s + 4. Let b be m(-4). Let p(z) = -z**3 + 5*z**2 - 5*z + 4. Let o be p(b). Suppose o = -h - 3, 0*l = 4*l + 3*h - 835. Is l prime?
True
Suppose 11*b - 681619 = -13*b + 1482869. Is b composite?
False
Let y(s) = 652372*s**2 - 41*s + 40. Is y(1) prime?
False
Suppose -6*h - 1284 = 876. Let p = 672 - h. Let d = p + -155. Is d a prime number?
True
Let t(f) = 6*f**2 + 3 - f**3 + 2*f**2 - 2*f**2 + 1 + 7*f. Let o be t(7). Suppose 2*u = -o*k + 1842, 8*u - 4629 = 3*u - 4*k. Is u prime?
True
Let g(i) = 2*i**3 - 16*i**2 + 18*i - 14. Let d be 24*16/24*(-6)/(-8). Let h be g(d). Suppose -5*k + 171 = -h. Is k composite?
True
Suppose 3*t = 2*k + 1, 0 = 3*k - t - 1 + 13. Let m(a) = -3*a - 7. Let f be m(k). Let y(d) = 2*d**2 + 12*d - 1. Is y(f) a prime number?
True
Let l = 373186 + -260949. Is l a composite number?
False
Let c(l) = l. Let x be c(2). Suppose -5*q = x*i - 8545, -i + 4297 = -3*q + 41. Is i prime?
False
Let y = 9881 - 5982. Is y prime?
False
Let n(r) = -9*r**3 - 27*r**2 - 304*r + 107. Is n(-27) a prime number?
True
Suppose -25*g - 51554 = -1108579. Is g a composite number?
False
Let a(i) = 244*i**2 + 3*i + 28. Let w be a(-12). Is ((-12)/384*-8)/(2/w) composite?
False
Let j = 697 + -1405. Let g = -693 - j. Is g composite?
True
Let u be 34/(-153) - 93926/(-9). Is 18/(-6)*u/(-12)*1 a composite number?
False
Let m = 88434 - 56338. Suppose -r + 32069 = 3*d - 7*d, 5*d - m = -r. Is r composite?
True
Let s = -35496 + 71533. Is s a composite number?
False
Suppose 553553 + 58054 = 3*u. Is u a composite number?
False
Let j = 15 + -9. Let q be 32/j*(-954)/(-4). Let x = -881 + q. Is x a prime number?
False
Let r = 96637 - -314152. Is r composite?
False
Let j(v) = 1346*v + 18013. Is j(0) a composite number?
False
Let w(a) = a**3 + 34*a**2 + 23*a + 19. Suppose -3*d - 2*i - 55 = -7*i, d + 13 = -i. Is w(d) a composite number?
True
Suppose -172 - 43 = 5*n. Let k(p) = 2*p**2 + 45*p + 48. Is k(n) prime?
True
Suppose -14*z + 783 = -5*z. Suppose -4*t = 3*y + z, -2*t - y - 40 = -3*y. Is 24650/6 - 14/t a composite number?
True
Let m(y) = -y**3 - 7*y**2 + 7*y - 14. Let x be m(-8). Let v(n) = -n**3 - 4*n**2 - 12*n + 8. Let j be v(x). Let o = -133 + j. Is o prime?
True
Is (78722/(-3))/((-14)/(-105)*-5) a prime number?
False
Suppose 0 = 5*c - 5*r - 30 - 5, -3*r = -15. Let b(u) be the first derivative of u**4/4 - u**3/3 - 8*u**2 - 11*u - 186. Is b(c) a composite number?
False
Suppose -27200 = -34*d - 4930. Is d a prime number?
False
Suppose -10020 = -33*g + 3*g. Let z = -1 + 11. Suppose -z*d + 536 = -g. Is d a composite number?
True
Suppose -25589 = -2*y - 6997. Let o be ((-2)/(-4) + -1)/(8/y). Let l = o - -1003. Is l a prime number?
False
Let c(r) be the first derivative of 70/3*r**3 + 2*r + 13 + 3/2*r**2. Is c(3) a prime number?
True
Let q(x) = 395*x - 166. Let t(b) = 2*b**3 + 14*b**2 + 8*b - 15. Let m be t(-6). Is q(m) prime?
True
Let a(t) = -t**2 - 3*t + 23. Let p be a(8). Let n = p + 73. Is 1/8 + 17559/n composite?
True
Suppose 1 = 5*h - 19, 0 = -4*y - 3*h - 132. Is (0 + (-370017)/y)*4 a composite number?
False
Let j(s) be the second derivative of -s**3/6 - 4*s**2 - 22*s. Let r be j(-8). Is 6/(-8) - (10295/(-20) + r) prime?
False
Let r be (-4)/(-2)*5828/8. Let n = -63 + r. Suppose -138 + n = 8*u. Is u composite?
False
Let a(m) = 142*m**2 + 304*m + 320. Is a(59) a composite number?
True
Suppose 13*x + v + 58 = 12*x, 3*v + 54 = -x. Is (x/(-9) + -3)*15 prime?
False
Suppose 37*u - 47849635 + 7329210 = -18*u. Is u a prime number?
False
Let p(a) = 8*a**2 + 12*a - 955. Is p(32) prime?
True
Let z(y) = y**3 - 17*y**2 + 19*y + 29. Let s be z(17). Suppose 8*b - 10*b = -s. Suppose -c = -27 - b. Is c composite?
True
Let d(v) = 24*v**2. Let a be d(-1). Let c(y) = -4*y**2 + 25*y - 20. Let m be c(a). Is (m/20)/(6/(-30)) prime?
True
Suppose -74*n + 5616 = -56*n. Is (-13)/(n/(-4)) - (-69682)/12 a composite number?
False
Suppose 75*m - 74*m = 5*s - 493319, -2*s + 197314 = 3*m. Is s composite?
False
Let y(c) = 16*c**3 + 48*c**2 - 37*